mposite number?
False
Is 27767 a prime number?
True
Is 74947 prime?
False
Is 95307 a composite number?
True
Is 1959457 prime?
True
Is 2400389 composite?
True
Is 384437 prime?
True
Is 2971 a composite number?
False
Is 1337 composite?
True
Is 320497 a prime number?
False
Is 37885 a composite number?
True
Is 719491 a composite number?
True
Is 369703 composite?
False
Is 2480591 a composite number?
True
Is 13367 prime?
True
Is 10289 composite?
False
Is 853387 a composite number?
False
Is 34739 composite?
False
Is 7753 a composite number?
False
Is 25511 a prime number?
False
Is 39167 prime?
False
Is 63233 composite?
True
Is 649 composite?
True
Is 547951 prime?
True
Is 375671 composite?
True
Is 1151 a prime number?
True
Is 75431 prime?
True
Is 4169 composite?
True
Is 318377 composite?
False
Is 9101 prime?
False
Is 119291 composite?
False
Is 33047 a prime number?
False
Is 1138637 a prime number?
True
Is 46747 prime?
True
Is 111427 composite?
False
Is 10589 composite?
False
Is 293 prime?
True
Is 13049 a composite number?
False
Is 3291539 composite?
False
Is 8009 prime?
True
Is 793 composite?
True
Is 2533 prime?
False
Is 13211 a composite number?
True
Is 23185 a composite number?
True
Is 113437 prime?
True
Is 89819 a prime number?
True
Is 768739 composite?
True
Is 92822 a composite number?
True
Is 2503 prime?
True
Is 44171 composite?
False
Is 17809 a prime number?
False
Is 19403 a prime number?
True
Is 905083 composite?
False
Is 57659 a prime number?
False
Is 2771 prime?
False
Is 158291 a prime number?
False
Is 13567 a prime number?
True
Is 785643 composite?
True
Is 10847 prime?
True
Is 3337 a prime number?
False
Is 280441 prime?
False
Is 27193 a prime number?
False
Is 139487 a prime number?
True
Is 108983 prime?
False
Is 31829 composite?
True
Is 2851 a composite number?
False
Is 10723 composite?
False
Is 14429 a composite number?
True
Is 395 composite?
True
Is 7121 composite?
False
Is 459913 a composite number?
False
Is 519193 a composite number?
False
Is 59467 composite?
False
Is 972737 a prime number?
False
Is 5567 prime?
False
Is 45839 composite?
True
Is 12481 a prime number?
False
Is 24593 a prime number?
True
Is 3305 prime?
False
Is 7283 prime?
True
Is 73559 a composite number?
True
Is 168247 prime?
True
Is 8147 a prime number?
True
Is 1777 a prime number?
True
Is 33791 a prime number?
True
Is 59597 composite?
True
Is 4043 a prime number?
False
Is 312551 a composite number?
False
Is 44351 composite?
False
Is 9131 a composite number?
True
Is 1569923 a prime number?
True
Is 191131 a prime number?
False
Is 29599 a composite number?
False
Is 2959 prime?
False
Is 6103 a composite number?
True
Is 203527 a prime number?
False
Is 171211 composite?
True
Is 584879 a prime number?
True
Is 278543 composite?
False
Is 82873 prime?
False
Is 71761 a composite number?
False
Is 303529 composite?
False
Is 63185 prime?
False
Is 289361 a prime number?
True
Is 263009 prime?
True
Is 1838993 a composite number?
True
Is 4229 a composite number?
False
Is 257119 a prime number?
False
Is 25057 composite?
False
Is 164089 prime?
True
Is 16559 prime?
False
Is 12791 a prime number?
True
Is 9293 prime?
True
Is 10229 composite?
True
Is 151541 a prime number?
False
Is 3665 a composite number?
True
Is 15537 a prime number?
False
Is 82762 prime?
False
Is 22731 a prime number?
False
Is 8657 prime?
False
Is 5623 prime?
True
Is 95435 a composite number?
True
Is 249 prime?
False
Is 30631 composite?
False
Is 107427 a prime number?
False
Is 407989 a prime number?
False
Is 167699 a prime number?
False
Is 3959 a prime number?
False
Is 445 prime?
False
Is 11887 a prime number?
True
Is 229279 a prime number?
False
Is 14173 composite?
False
Is 6761 prime?
True
Is 93085 composite?
True
Is 210071 prime?
True
Is 17233 composite?
True
Is 237241 composite?
True
Is 3382963 prime?
False
Is 839 a prime number?
True
Is 39833 a composite number?
True
Is 51515 composite?
True
Is 364303 composite?
False
Is 154531 composite?
True
Is 10189 a composite number?
True
Is 11735 prime?
False
Is 2415689 a prime number?
True
Is 23419 a prime number?
False
Is 196951 a prime number?
False
Is 213329 a prime number?
True
Is 502 a prime number?
False
Is 267987 composite?
True
Is 4373 composite?
False
Is 427913 prime?
True
Is 97673 a prime number?
True
Is 28189 a composite number?
True
Is 125823 a composite number?
True
Is 135843 prime?
False
Is 308569 composite?
False
Is 60638 a prime number?
False
Is 20017 a composite number?
True
Is 37031 composite?
True
Is 11567 a prime number?
False
Is 8053 composite?
False
Is 16521 a composite number?
True
Is 7279 a prime number?
False
Is 16557 composite?
True
Is 968761 composite?
False
Is 15511 prime?
True
Is 241685 a prime number?
False
Is 271829 a prime number?
True
Is 1213865 composite?
True
Is 218729 prime?
False
Is 81527 prime?
True
Is 107259 prime?
False
Is 399461 composite?
True
Is 2167 a composite number?
True
Is 237053 prime?
True
Is 7235 a prime number?
False
Is 33881 a composite number?
True
Is 1160759 a prime number?
False
Is 255613 composite?
False
Is 4365637 prime?
False
Is 15791 composite?
False
Is 3831 composite?
True
Is 24317 prime?
True
Is 156577 a composite number?
False
Is 6689 a composite number?
False
Is 149801 prime?
False
Is 151667 prime?
True
Is 99559 composite?
False
Is 1537 a composite number?
True
Is 31111 composite?
True
Is 12251 composite?
False
Is 8147 a composite number?
False
Is 16333 prime?
True
Is 33563 composite?
False
Is 76597 a composite number?
False
Is 77705 a prime number?
False
Is 2153 a composite number?
False
Is 10133 a prime number?
True
Is 155897 prime?
False
Is 206993 a composite number?
False
Is 7 prime?
True
Is 39361 composite?
True
Is 85781 a composite number?
False
Is 4127 a composite number?
False
Is 106823 a prime number?
True
Is 15391 a prime number?
True
Is 48669 prime?
False
Is 72746 composite?
True
Is 194491 composite?
True
Is 91577 a prime number?
True
Is 1601423 prime?
True
Is 579473 prime?
True
Is 13649 a prime number?
True
Is 1663537 a prime number?
True
Is 3691 prime?
True
Is 6257 prime?
True
Is 1421699 a composite number?
True
Is 4742 a composite number?
True
Is 6887 a prime number?
False
Is 4831 prime?
True
Is 3180085 a composite number?
True
Is 960031 composite?
False
Is 19661 a composite number?
False
Is 5585 composite?
True
Is 1505677 prime?
False
Is 2971 composite?
False
Is 10713 a composite number?
True
Is 12797 prime?
False
Is 1526282 a composite number?
True
Is 7895 a composite number?
True
Is 51941 prime?
True
Is 380591 composite?
False
Is 1586731 composite?
True
Is 17807 composite?
False
Is 41807 a composite number?
True
Is 47095 a prime number?
False
Is 10681 prime?
False
Is 2315939 a prime number?
False
Is 514981 composite?
True
Is 21467 composite?
False
Is 162607 a prime number?
False
Is 430357 prime?
True
Is 260067 a composite number?
True
Is 53201 prime?
True
Is 406969 prime?
True
Is 1398374 composite?
True
Is 531517 composite?
True
Is 561391 a composite number?
True
Is 13109 composite?
False
Is 9235 composite?
True
Is 6599 prime?
True
Is 1399999 a composite number?
False
Is 347495 a composite number?
True
Is 88859 prime?
False
Is 5127 a prime number?
False
Is 8353 a composite number?
False
Is 161597 composite?
True
Is 31946 a prime number?
False
Is 157609 a composite number?
True
Is 44909 prime?
True
Is 5381 prime?
True
Is 517387 composite?
True
Is 13997 a prime number?
True
Is 341833 composite?
True
Is 81467 composite?
True
Is 263647 a composite number?
False
Is 6547 a composite number?
False
Is 604171 composite?
False
Is 84913 a composite number?
False
Is 2407 a composite number?
True
Is 69811 a prime number?
False
Is 193541 a prime number?
True
Is 61657 prime?
True
Is 372833 a prime number?
True
Is 1550963 prime?
True
Is 53777 a prime number?
True
Is 1723717 a prime number?
False
Is 17123 composite?
False
Is 37351 composite?
True
Is 1243 a composite number?
True
Is 430679 a prime number?
False
Is 12473 a composite number?
False
Is 5485 prime?
False
Is 90905 prime?
False
Is 19913 prime?
True
Is 10661 a prime number?
False
Is 610721 composite?
False
Is 102713 composite?
True
Is 115 composite?
True
Is 553 composite?
True
Is 912341 composite?
True
Is 202471 a composite number?
False
Is 4819 prime?
Fa